s the ten thousands digit of 151121830?
2
What is the units digit of 46600476?
6
What is the tens digit of 88772288?
8
What is the hundred thousands digit of 1675506458?
5
What is the ten millions digit of 51920522?
5
What is the tens digit of 2034327045?
4
What is the thousands digit of 643089023?
9
What is the thousands digit of 157150379?
0
What is the hundred thousands digit of 2875228810?
2
What is the thousands digit of 917209749?
9
What is the tens digit of 412652482?
8
What is the hundreds digit of 33579197?
1
What is the thousands digit of 2572062635?
2
What is the ten millions digit of 77151172?
7
What is the hundreds digit of 146916610?
6
What is the units digit of 4485989875?
5
What is the ten thousands digit of 563164506?
6
What is the hundreds digit of 14109473?
4
What is the ten millions digit of 94865503?
9
What is the thousands digit of 2614857174?
7
What is the ten millions digit of 2524849640?
2
What is the units digit of 56356005?
5
What is the ten thousands digit of 11192471?
9
What is the hundred thousands digit of 38128934?
1
What is the hundred thousands digit of 1134748803?
7
What is the hundred millions digit of 371878462?
3
What is the hundred millions digit of 1679972987?
6
What is the tens digit of 156253498?
9
What is the hundred thousands digit of 39642289?
6
What is the ten thousands digit of 995691733?
9
What is the ten thousands digit of 20127810?
2
What is the ten millions digit of 679314315?
7
What is the hundred thousands digit of 3802602473?
6
What is the thousands digit of 17612816?
2
What is the hundreds digit of 1800712542?
5
What is the ten millions digit of 481875295?
8
What is the hundreds digit of 17958482?
4
What is the units digit of 1703142426?
6
What is the hundreds digit of 2723181388?
3
What is the hundred millions digit of 7257502050?
2
What is the hundred thousands digit of 891073867?
0
What is the ten millions digit of 224939069?
2
What is the ten thousands digit of 2191584814?
8
What is the units digit of 2787231413?
3
What is the tens digit of 4559302928?
2
What is the tens digit of 11759573?
7
What is the hundred thousands digit of 992773998?
7
What is the hundreds digit of 25517121?
1
What is the ten thousands digit of 111171117?
7
What is the ten millions digit of 34374106?
3
What is the ten millions digit of 405968410?
0
What is the units digit of 67735321?
1
What is the ten thousands digit of 81318640?
1
What is the ten millions digit of 1919625797?
1
What is the millions digit of 3404516360?
4
What is the units digit of 98215868?
8
What is the ten millions digit of 96113410?
9
What is the hundred millions digit of 5900833142?
9
What is the tens digit of 48316649?
4
What is the units digit of 3019281978?
8
What is the units digit of 628590233?
3
What is the ten thousands digit of 307745022?
4
What is the hundred millions digit of 5056161265?
0
What is the units digit of 710490530?
0
What is the hundred thousands digit of 47368948?
3
What is the units digit of 25499303?
3
What is the hundred thousands digit of 1128658283?
6
What is the thousands digit of 839660901?
0
What is the ten thousands digit of 667343895?
4
What is the units digit of 68386665?
5
What is the hundreds digit of 38735826?
8
What is the millions digit of 4275606996?
5
What is the thousands digit of 179236416?
6
What is the ten thousands digit of 24836141?
3
What is the hundreds digit of 4219167942?
9
What is the ten thousands digit of 90993997?
9
What is the tens digit of 482610695?
9
What is the thousands digit of 62032186?
2
What is the hundred thousands digit of 8101430?
1
What is the millions digit of 114686974?
4
What is the hundreds digit of 350908030?
0
What is the units digit of 9042675?
5
What is the hundred millions digit of 206035738?
2
What is the thousands digit of 1109375410?
5
What is the millions digit of 853634789?
3
What is the hundreds digit of 95403238?
2
What is the hundreds digit of 16527906?
9
What is the ten thousands digit of 423920426?
2
What is the ten millions digit of 32808634?
3
What is the units digit of 927721811?
1
What is the hundreds digit of 5846298?
2
What is the ten thousands digit of 808138062?
3
What is the ten millions digit of 4553254131?
5
What is the ten thousands digit of 25895891?
9
What is the millions digit of 12902307?
2
What is the ten millions digit of 32905087?
3
What is the units digit of 324455698?
8
What is the millions digit of 356240363?
6
What is the hundred millions digit of 3102103391?
1
What is the ten millions digit of 99280450?
9
What is the hundred thousands digit of 186192486?
1
What is the tens digit of 686726578?
7
What is the ten thousands digit of 1058289141?
8
What is the ten millions digit of 81289272?
8
What is the units digit of 2229321008?
8
What is the ten millions digit of 252390474?
5
What is the hundreds digit of 816123002?
0
What is the ten millions digit of 31557482?
3
What is the tens digit of 356372575?
7
What is the ten thousands digit of 1154575671?
7
What is the ten millions digit of 59638429?
5
What is the tens digit of 327231369?
6
What is the units digit of 710544524?
4
What is the hundred thousands digit of 274150909?
1
What is the ten thousands digit of 25046532?
4
What is the ten thousands digit of 4727913013?
1
What is the tens digit of 217121890?
9
What is the units digit of 2577290017?
7
What is the ten thousands digit of 667191386?
9
What is the units digit of 939514076?
6
What is the ten millions digit of 2903007501?
0
What is the millions digit of 27310263?
7
What is the tens digit of 92493408?
0
What is the ten millions digit of 3075999452?
7
What is the thousands digit of 373169693?
9
What is the hundreds digit of 613441333?
3
What is the thousands digit of 2221143811?
3
What is the thousands digit of 108677889?
7
What is the units digit of 39366832?
2
What is the hundred thousands digit of 30750203?
7
What is the ten millions digit of 18110638?
1
What is the tens digit of 147256529?
2
What is the billions digit of 2472457298?
2
What is the hundred thousands digit of 3441196877?
1
What is the millions digit of 1340390832?
0
What is the ten millions digit of 1347028684?
4
What is the ten millions digit of 1700921099?
0
What is the hundred thousands digit of 50640789?
6
What is the ten millions digit of 4248724192?
4
What is the ten millions digit of 214903251?
1
What is the units digit of 65883020?
0
What is the millions digit of 1774207240?
4
What is the hundred thousands digit of 189729834?
7
What is the units digit of 405494474?
4
What is the ten thousands digit of 165388925?
8
What is the millions digit of 462319898?
2
What is the ten thousands digit of 215344889?
4
What is the tens digit of 152893324?
2
What is the hundred thousands digit of 74225036?
2
What is the hundred thousands digit of 198043300?
0
What is the hundred thousands digit of 159757504?
7
What is the hundreds digit of 80198732?
7
What is the tens digit of 148830316?
1
What is the millions digit of 4141018?
4
What is the ten millions digit of 28533455?
2
What is the ten thousands digit of 7172457561?
5
What is the hundred thousands digit of 741373424?
3
What is the billions digit of 7213808193?
7
What is the units digit of 149838059?
9
What is the hundred millions digit of 179279160?
1
What is the hundred thousands digit of 114134144?
1
What is the ten thousands digit of 27656548?
5
What is the thousands digit of 97885320?
5
What is the millions digit of 26081053?
6
What is the units digit of 9204063?
3
What is the hundred thousands digit of 434291214?
2
What is the millions digit of 42600869?
2
What is the ten thousands digit of 2610774068?
7
What is the ten millions digit of 2010254374?
1
What is the units digit of 5021841?
1
What is the ten millions digit of 271494407?
7
What is the millions digit of 586021333?
6
What is the thousands digit of 150413156?
3
What is the tens digit of 405170468?
6
What is the millions digit of 698809683?
8
What is the ten millions digit of 224551846?
2
What is the ten millions digit of 434447672?
3
What is the thousands digit of 408992917?
2
What is the ten millions digit of 19995044?
1
What is the ten thousands digit of 252856379?
5
What is the millions digit of 24510395?
4
What is the hundred thousands digit 